
120212222
In base 12, what is 14a7 - -1901?
31a8
In base 5, what is 2100142 - 1404?
2043233
In base 5, what is -333 + 202334314?
202333431
In base 14, what is -2c58993 + 0?
-2c58993
In base 3, what is 222021022020 + 2222?
222021102012
In base 3, what is 12020200222021 + 11?
12020200222102
In base 12, what is 152b8756 + -5?
152b8751
In base 12, what is -2 - -712192?
712190
In base 12, what is -119 - 7b8b4?
-7ba11
In base 12, what is -13 + 49473a6?
4947393
In base 5, what is -14434 - 13222033?
-13242022
In base 2, what is 10001010 - -1010011000101111?
1010011010111001
In base 2, what is -10 - -101000100010101101000100?
101000100010101101000010
In base 15, what is -11b3a - 1307?
-12e42
In base 9, what is -206415 - 228?
-206644
In base 15, what is 5 - -34eedcc?
34eedd2
In base 5, what is 4 + 20002301233?
20002301242
In base 10, what is 455 + -2645?
-2190
In base 10, what is -4 - -4231547?
4231543
In base 3, what is 122221222121 - -2201022?
200001200220
In base 6, what is -3 + -24500303423?
-24500303430
In base 4, what is -11 - -120132310303?
120132310232
In base 10, what is 20 - 6014953?
-6014933
In base 8, what is 435 + -7135?
-6500
In base 14, what is -81c9 - -18a?
-803d
In base 11, what is -9 - 24a8221?
-24a822a
In base 8, what is -215136 + -1?
-215137
In base 6, what is -4521 - -124422?
115501
In base 13, what is 4 + -ab315b?
-ab3157
In base 6, what is -54510515 - 235?
-54511154
In base 7, what is -13212621053 - -5?
-13212621045
In base 13, what is -5829 - bc?
-5918
In base 13, what is 5947 - -172?
5ab9
In base 8, what is -47354250 + -4?
-47354254
In base 16, what is 1ee8d6 + -3b?
1ee89b
In base 5, what is 3201331111 + -11?
3201331100
In base 7, what is 2046 - 3160422?
-3155343
In base 13, what is 17 + 37552?
37569
In base 15, what is 99 - 5064?
-4eba
In base 8, what is 5 - -22547726?
22547733
In base 7, what is -11 - 10112356?
-10112400
In base 12, what is -1 + 2a9b574a?
2a9b5749
In base 10, what is 7698 - 1858?
5840
In base 13, what is 159bc + -aac?
14c10
In base 3, what is 112222202011011 + -2?
112222202011002
In base 13, what is cabc5 + 166?
cb05b
In base 11, what is -17 + 5552226?
555220a
In base 14, what is -4 + d9812d?
d98129
In base 3, what is 112 - -11010201220222100?
11010201220222212
In base 5, what is 11102 + 12140044?
12201201
In base 3, what is 1 + -21011222111112021?
-21011222111112020
In base 13, what is ab + -4abc4?
-4ab16
In base 16, what is 1a3ec53 + 4?
1a3ec57
In base 7, what is -205 + 1112343?
1112135
In base 8, what is 136460476 - -1?
136460477
In base 5, what is 1223404201 + 4?
1223404210
In base 10, what is -5 + 4487968?
4487963
In base 2, what is 100011100 + -1101111110101001?
-1101111010001101
In base 4, what is 1031110 - -2213231?
3311001
In base 10, what is 3419 - 6761?
-3342
In base 5, what is 13104132 - 2024?
13102103
In base 8, what is -437315350 - -3?
-437315345
In base 16, what is 13d3 - -672?
1a45
In base 5, what is -10 + 31120311322?
31120311312
In base 10, what is 1306 + 6085?
7391
In base 12, what is -228 + 444?
218
In base 4, what is -1030222203310311 + 3?
-1030222203310302
In base 4, what is -22103312222 + -11?
-22103312233
In base 6, what is 534514 - 3525?
530545
In base 6, what is -123 - 2211530?
-2212053
In base 8, what is -24433 - -1004?
-23427
In base 11, what is -1 + 13a8249?
13a8248
In base 2, what is -101000000 - 111110110101001111?
-111110111010001111
In base 3, what is -2011022120220 + 1110?
-2011022112110
In base 12, what is 8854a3 + 67?
88554a
In base 4, what is 213122 + -312110100?
-311230312
In base 9, what is -74 + -221146?
-221231
In base 15, what is 5c1 - -a48db?
a4eac
In base 9, what is -185355 - 1153?
-186518
In base 10, what is -7799819 + -1?
-7799820
In base 15, what is -211a + 1c80?
-38a
In base 9, what is -55 + 7207880?
7207824
In base 6, what is 3341 - -1214113?
1221454
In base 12, what is 7a813a4 - -5?
7a813a9
In base 15, what is 1 - -a65c7?
a65c8
In base 4, what is 1112320 + 12121?
1131101
In base 13, what is -2 - 51123b63?
-51123b65
In base 9, what is 1154550 - -1?
1154551
In base 13, what is -c5a3203 + -3?
-c5a3206
In base 12, what is 239 - 25540?
-25303
In base 11, what is 473323 + 8?
473330
In base 9, what is 6504 - -886?
7501
In base 16, what is 3316 + -28a6?
a70
In base 7, what is -16 - -1244121230?
1244121211
In base 12, what is -3 + -5115656?
-5115659
In base 2, what is -1010100000111011010100111 - -11001?
-1010100000111011010001110
In base 6, what is 2150230 + -2351?
2143435
In base 16, what is 2eb7d + 73?
2ebf0
In base 2, what is 10000111000111101 + -101000001?
10000110011111100
In base 10, what is -391 - -66554?
66163
In base 15, what is -a40766 - 2?
-a40768
In base 10, what is -73 - 1108366?
-1108439
In base 15, what is 80c + -548eb?
-540de
In base 9, what is -387 - 111387?
-111785
In base 2, what is 101 + -110000000110010010111100111?
-110000000110010010111100010
In base 4, what is -110322121 + -2232?
-110331013
In base 10, what is -107 - 69098?
-69205
In base 7, what is -103 + -32263004?
-32263110
In base 9, what is 42365033 - 38?
42364884
In base 12, what is -289 + a5?
-1a4
In base 9, what is -17 + -25313?
-25331
In base 4, what is 102 - -12311233?
12312001
In base 6, what is 11555233 + -2351?
11552442
In base 8, what is 30 + -7376252?
-7376222
In base 8, what is -3 + -25223707?
-25223712
In base 10, what is 18296625 + -3?
18296622
In base 10, what is 153 - 1686523?
-1686370
In base 10, what is -56815576 + -4?
-56815580
In base 13, what is -2 + 13cb7665?
13cb7663
In base 11, what is 4 - -198a9a08?
198a9a11
In base 9, what is 45072051 + 4?
45072055
In base 15, what is 92 - 7b37?
-7a95
In base 11, what is -5 + -40259430?
-40259435
In base 3, what is 10020201222100010 + -12?
10020201222022221
In base 8, what is 1216063434 - -6?
1216063442
In base 8, what is 354 + -51336?
-50762
In base 10, what is -15065833 + 8?
-15065825
In base 16, what is -4f9be4 + -2?
-4f9be6
In base 5, what is 2304120 + 1331?
2311001
In base 5, what is 0 - -232122401?
232122401
In base 12, what is -1102a3b39 + -3?
-1102a3b40
In base 10, what is 9851 - -392?
10243
In base 12, what is -619 - 2143a6?
-214a03
In base 2, what is 10001 + -1101010110111111101100101?
-1101010110111111101010100
In base 10, what is 1079377523 - 0?
1079377523
In base 4, what is -1322123301 - -320?
-1322122321
In base 2, what is 1001101010011101011000000 - 0?
1001101010011101011000000
In base 6, what is 24353341 - 531?
24352410
In base 2, what is -111010011110100000100 - -110?
-111010011110011111110
In base 12, what is 1b6 + -168a0?
-166a6
In base 13, what is 379613 - 7?
379609
In base 2, what is -100 - 11010110101001100?
-11010110101010000
In base 7, what is 14135 + 105055?
122223
In base 7, what is -23545133 - -442?
-23544361
In base 4, what is 2123231310 - -10010?
2123301320
In base 10, what is 16 + -3346518?
-3346502
In base 10, what is -1830543 + 1?
-1830542
In base 10, what is -30042248 + -5?
-30042253
In base 16, what is -56ff835 + -5?
-56ff83a
In base 3, what is -1121212210020211 - 0?
-1121212210020211
In base 10, what is 4 - 3392609?
-3392605
In base 14, what is -1 + 5bc3c36?
5bc3c35
In base 13, what is 3 + 8394b58?
8394b5b
In base 2, what is -101 - -1111001001000100100101010?
1111001001000100100100101
In base 9, what is 765 - -283740?
284615
In base 16, what is c86e + -a8a?
bde4
In base 6, what is -40 - 113241525?
-113242005
In base 11, what is 190511 - 383?
190139
In base 13, what is -97 + -12171?
-12238
In base 15, what is 4026a41 + 3?
4026a44
In base 12, what is -5 - 7606b5b?
-7606b64
In base 4, what is -11 + -1200233313201?
-1200233313212
In base 6, what is -125334 + 102012?
-23322
In base 7, what is 302541 + -11555?
260653
In base 12, what is -1b4899 + -26a?
-1b4b47
In base 6, what is -120 - -314203?
314043
In base 13, what is -2a6 + -73a88?
-74061
In base 11, what is -773 + -862?
-1525
In base 8, what is 2 - -264771345?
264771347
In base 3, what is 21211 - -11010222222?
11011021210
In base 13, what is -1b4276aa + -2?
-1b4276ac
In base 10, what is -5 + 57262772?
57262767
In base 14, what is 715a + 2bc9?
9d45
In base 15, what is 13 - 1e6cae?
-1e6c9b
In base 11, what is 48 - a3331?
-a3294
In base 11, what is -2465a41 - 3?
-2465a44
In base 4, what is 23 + -113222002323?
-113222002300
In base 10, what is 444